tors of p?
7, 13
Suppose 4*u = q - 631, 3*u + 370 + 907 = 2*q. Suppose -q = 3*j - 208. Let r = 213 + j. List the prime factors of r.
2, 17
What are the prime factors of (3 - (-30)/(-9))*(-95292)/3?
2, 2647
Suppose 899530 - 166850 = 130*n. List the prime factors of n.
2, 1409
Let i be -7*1055/70*-10. Let y = i + 17. What are the prime factors of y?
2, 67
Suppose 5*g = 3*d - 17347, d + g + 2163 = 7948. List the prime factors of d.
2, 3, 241
Suppose -6699*v = -6691*v - 203560. List the prime factors of v.
5, 7, 727
Let t = 7 - 6. Suppose -11*c + 10*c - 407 = 4*i, 294 = -3*i + 3*c. What are the prime factors of (-12 - i)/(0 + t)?
89
Suppose 59*h + 600 = 56*h. Let q = h - -702. What are the prime factors of q?
2, 251
Let x(a) = -9529*a**3 - 7*a**2 - 29*a - 22. List the prime factors of x(-2).
2, 5, 953
Let v = 60 - -24419. List the prime factors of v.
7, 13, 269
Suppose -2*y = 0, -3*y = -4*d + 4*y - 11*y + 16340. List the prime factors of d.
5, 19, 43
Let y(r) = -r**3 + 27*r**2 + 24*r + 34. Let u be y(28). Let m = 57 - u. List the prime factors of m.
3, 5
Suppose -b + 5*w - 6 = 3*w, -5*b = 8*w - 60. Suppose -4*r = 3*n - 907, 16 = -b*r + 8*r. List the prime factors of n.
3, 11
Suppose 6 = 3*d, -2*d = -3*k - 0*d + 16754. What are the prime factors of k?
2, 3, 7, 19
Suppose 5*f = -4*r + 1741 - 10, 5*r - 3*f = 2136. Let h = r + -147. List the prime factors of h.
2, 3, 47
Suppose -14 = -5*p + 1, 3*c - 5289 = -3*p. Suppose 11*u + c = 21*u. List the prime factors of u.
2, 11
Let j = -117 + 159. Let r be 21/j + (-14)/4. List the prime factors of (108 - -4)*2 - (r + -1).
2, 3, 19
Suppose 4*b - 17*b = -6084. Suppose -2*n = 3*n + k - 780, 3*n + 3*k = b. List the prime factors of n.
2, 3, 13
Let u = 9840 - 4866. List the prime factors of u.
2, 3, 829
Let l = 25494 - 14554. List the prime factors of l.
2, 5, 547
List the prime factors of 9712*1 - (-108)/(-81)*(-42)/(-8).
3, 5, 647
Let f(o) = 18*o**2 + 104*o - 1. List the prime factors of f(14).
3, 11, 151
Let l(u) = 2*u**2 + u - 2. Let y be l(-2). Let q be y/20 + 1362/15. Suppose q = 2*f - 41. What are the prime factors of f?
2, 3, 11
Let a(l) = -9*l**2 + 15*l + 8. Let f be a(11). Let r = 1889 + f. Suppose -10*o + r = -117. What are the prime factors of o?
109
Suppose -5*o + 348 = o. Let m = o + -54. Suppose t - 58 = 3*u, u - 161 = -m*t + 32. What are the prime factors of t?
7
List the prime factors of ((-5016)/1881)/((-1)/(-3) + 6157/(-18468)).
2, 3, 19
Let a(u) = u**2 - 520*u + 390. What are the prime factors of a(-57)?
3, 11093
Let m(y) = 497*y - 1715. List the prime factors of m(30).
5, 7, 13, 29
Let j be (1 + 2/(-4))/((-46)/25484). Let s = 393 + j. What are the prime factors of s?
2, 29
Suppose 75*a - 56*a + 1398824 = 75*a. What are the prime factors of a?
24979
Let u = -981 + 1377. Let x = 111 + u. Let s = x + -341. List the prime factors of s.
2, 83
Suppose -6*k = -16*k. Suppose 0*l - 9*l + 1080 = k. What are the prime factors of l?
2, 3, 5
Let z be 7*40/224 - (-127)/4. Suppose -3*g = -5*g - 5*o + 3, 2*o = 3*g - z. List the prime factors of g.
3
Let j(l) = 54*l**2 - 397*l + 37. What are the prime factors of j(22)?
3, 5813
Let y = -12783 - -20614. What are the prime factors of y?
41, 191
Let b(j) = -1318*j + 4. Let c be b(-2). Suppose 0*u + c = 6*u. Suppose -4*h + u = h. What are the prime factors of h?
2, 11
List the prime factors of 14622 + (45 + -43)/(4/6).
3, 5, 13
Let m = -565 + 1442. Let x = m - 348. List the prime factors of x.
23
Suppose -f + 147*z - 148*z + 8687 = 0, 4*z + 34796 = 4*f. What are the prime factors of f?
8693
Let v = -602 + 6088. List the prime factors of v.
2, 13, 211
Let w be (-26352)/99 - 4/(-22). Let l = 55 - w. List the prime factors of l.
3, 107
Let n(w) = w**3 - 12*w**2 - 83*w - 13. What are the prime factors of n(20)?
3, 509
Let s = -503 + 519. What are the prime factors of 2354/4 - s/(-32)?
19, 31
Let w(l) be the first derivative of -14*l + 5/2*l**2 + 20 + 1/3*l**3. List the prime factors of w(8).
2, 3, 5
Let x = 48695 + -26053. List the prime factors of x.
2, 11321
Suppose 12 = 5*i + 197. Let k be -4 + 182/49 + i/(-7). Suppose k*h = 377 + 163. List the prime factors of h.
2, 3
Suppose -l + 0*l + 1974 = 0. Suppose 0 = -5*x + c + 43, -2*c - 4 = -4*c. Suppose 0 = 2*t - x*t + l. List the prime factors of t.
2, 3, 47
Suppose -8516 = -3*c - 4*r + 3124, -4*r + 3896 = c. List the prime factors of c.
2, 11
Suppose 0 = -563*h + 565*h - 20654. List the prime factors of h.
23, 449
Suppose 89*o = 84*o + 35, 61981 = 2*x - o. What are the prime factors of x?
2, 15497
Let x(s) = s + 73. Let d = 272 - 254. List the prime factors of x(d).
7, 13
Let j = 987 + -795. Suppose 5*q + 21 = 4*r - 0, -r + 5*q = -9. Suppose -r*g = 2*g - j. What are the prime factors of g?
2
Let o(x) = 8492*x**3 - 6*x**2 - 22*x + 27. List the prime factors of o(1).
7, 1213
Let d = -45 + 50. Suppose -3*m - 3 = -k, -4*m = d*k - 4 - 11. Suppose 0 = -k*b - b + 264. What are the prime factors of b?
2, 3, 11
Suppose 5*q = 5, 3*k - 22 - 6 = -4*q. What are the prime factors of k/(-160)*8 - 2912/(-5)?
2, 3, 97
Let v(z) = -29*z**2 + 4543*z + 291. What are the prime factors of v(145)?
7, 7043
Let m be (5 + (-88)/(-12))*-15 - 4. Let p = 880 + m. What are the prime factors of p?
691
Let x = -9773 - -20464. What are the prime factors of x?
10691
Let l(d) = d**2 + 2*d - 255. Let y be l(15). Let j(h) = 14*h + 302. What are the prime factors of j(y)?
2, 151
Suppose 15*d = 19*d - 700. Let z be (-215)/2 - 1/2. Let x = d + z. List the prime factors of x.
67
Let f be 3/((1/2)/(8/(-16))). Let r be (-3)/9*f*5. Suppose -p + r*v + 45 = 0, 2*p + 0*v + v - 134 = 0. What are the prime factors of p?
5, 13
Let f(p) = 3321*p + 216. List the prime factors of f(2).
2, 3, 127
Let h = -90950 + 128427. What are the prime factors of h?
11, 3407
Let n(l) = 171*l**3 - 2*l**2 + 7*l - 2. What are the prime factors of n(3)?
2, 2309
Suppose 1981 = 7*m + 5621. Let f = 2056 + m. List the prime factors of f.
2, 3
Let n be (-6)/3 - -56*1. Suppose 3*p = -4*q + n, 2*p = -5*q - 10 + 39. List the prime factors of p.
2, 11
Let n(z) = z**2 - 18*z. Let o(b) = 2*b**2 - 35*b - 1. Let s(a) = 5*n(a) - 3*o(a). Let p be s(15). What are the prime factors of (0 - 1/p)*(23 - 272)?
83
Let f be -98*(3 - 49/14). Suppose 284 = 51*g - f*g. List the prime factors of g.
2, 71
Suppose 34*v + 12476 = 36*v + 2*s, 6 = -3*s. What are the prime factors of v?
2, 3, 5, 13
Let j(g) = g**2 + 15*g + 2. Let b be j(-9). Let l = -9 - b. Let q = 178 - l. What are the prime factors of q?
3, 5
Suppose -28*d - 3674 = -42677 - 142829. List the prime factors of d.
2, 17, 191
Let s be -2 - ((-4 - 2) + 3 + -29). Suppose 6*q - 11*q = -s. Suppose 0 = -5*y + q*y - 110. What are the prime factors of y?
2, 5, 11
Let c = 83930 + -33022. What are the prime factors of c?
2, 11, 13, 89
Suppose c - 2*k = 10248, 3*c + 526 = -3*k + 31234. List the prime factors of c.
2, 5
Suppose 3 = -3*w + 3*n, -w - 2*w - n = 11. List the prime factors of (3*w/6)/(1/(-848)).
2, 3, 53
Let j = -99 - -91. Let a(z) = -2*z**2 - 15*z + 10. Let y be a(j). Suppose -5*g - 4*c + 488 = 8, y*g + 2*c = 190. What are the prime factors of g?
2, 5
Let j be (1 - 3) + -2 + 14. Let a be 2/(-1*(-5)/j). Suppose -2*p - a*v + 176 = 0, -91 = -p - v - 0*v. List the prime factors of p.
2, 47
Let b be (-2)/16 - ((-151)/(-8) + -9). List the prime factors of -1 + 616 + b/(-6)*3.
2, 5, 31
Let q = -179 - -184. What are the prime factors of (7 - 5)*196 - q?
3, 43
Suppose 2070 = -292*h + 301*h. Let m = -123 + h. List the prime factors of m.
107
Let d be 402/(-48) - (-6)/16. What are the prime factors of 3487/22 - (-12)/d?
157
Let h(m) = m**2 - 30*m + 29. Let x be h(1). Let r(f) = -f**3 - f**2 - 2*f + 1451. What are the prime factors of r(x)?
1451
Suppose -16*v + 126*v - 1311530 = 0. List the prime factors of v.
11923
Let f = 23 + -11. Suppose -4*b = -b - f. Suppose 0 = -m + 2*u + 3*u + 29, -150 = -b*m + 3*u. List the prime factors of m.
3, 13
Suppose -537 = -2*t - 4*b + 141, 0 = -4*t - 4*b + 1344. Suppose -5*v - t + 3183 = 0. List the prime factors of v.
2, 3, 5, 19
What are the prime factors of (5 - 561968/(-56) - 1) + 6/7?
2, 5, 251
What are the prime factors of 15032667/494 - (-3 + (-3)/6)?
2, 15217
Let d(r) = -r**2 - 15*r. Let h be d(-14). Let v(b) = 38*b - 1